{"id":1591,"date":"2024-07-09T12:20:13","date_gmt":"2024-07-09T16:20:13","guid":{"rendered":"https:\/\/sciences.ucf.edu\/politics\/kps\/?page_id=1591"},"modified":"2025-03-14T10:58:33","modified_gmt":"2025-03-14T14:58:33","slug":"award","status":"publish","type":"page","link":"https:\/\/sciences.ucf.edu\/politics\/kps\/award\/","title":{"rendered":""},"content":{"rendered":"\n<h1 class=\"wp-block-heading has-text-align-center\">Best Article Award in Kurdish Studies<\/h1>\n\n\n\n<p>This award, sponsored by <a href=\"http:\/\/politicalscience.cos.ucf.edu\/kps\/\">Kurdish Political Studies Program <\/a>at the University of Central Florida, recognizes the best article in Kurdish Studies published in the previous calendar year.<\/p>\n\n\n\n<p>For this award cycle, articles <strong>published in 2024<\/strong> will be considered. All articles published in English-language peer-reviewed journals addressing questions and covering issues related to Kurdish politics, broadly defined, will be considered for the award. <\/p>\n\n\n\n<p>The award is open to <strong>all disciplines<\/strong> under social sciences and humanities. The primary author of the article must be <strong>an untenured scholar <\/strong>(graduate student, post-doc, independent scholar, assistant professor, or equivalent) at the time of the publication. The winner will be <strong>awarded $1000<\/strong>. <\/p>\n\n\n\n<p>Nominations are due by January 15, 2025, and the awardee will be announced by February 15, 2025. Self-nominations are welcome.<\/p>\n\n\n\n<p>Please send an electronic copy of the nominated article to <a href=\"mailto:kurdish@ucf.edu\">gurses@ucf.edu<\/a>.<\/p>\n\n\n\n<p><u><strong>Award Committee<\/strong><\/u>:<\/p>\n\n\n\n<ul class=\"wp-block-list\">\n<li><a href=\"https:\/\/cah.ucf.edu\/history\/featured-research\/featured-research-dr-tiffany-earley-spadoni\/\" data-type=\"link\" data-id=\"https:\/\/cah.ucf.edu\/history\/featured-research\/featured-research-dr-tiffany-earley-spadoni\/\"><strong>Tiffany Earley-Spadoni<\/strong><\/a>,&nbsp;University of Central Florida<\/li>\n\n\n\n<li><a href=\"https:\/\/www.durham.ac.uk\/staff\/bahar-baser\/\" data-type=\"link\" data-id=\"https:\/\/sciences.ucf.edu\/politics\/person\/mehmet-gurses\/\" target=\"_blank\" rel=\"noreferrer noopener\"><strong>Bahar Baser<\/strong><\/a>, Durham University<\/li>\n\n\n\n<li><a href=\"https:\/\/sciences.ucf.edu\/politics\/person\/nikola-mirilovic\/\" data-type=\"link\" data-id=\"https:\/\/sciences.ucf.edu\/politics\/person\/nikola-mirilovic\/\"><strong>Nikola Mirilovic<\/strong><\/a>, University of Central Florida<\/li>\n\n\n\n<li><a href=\"https:\/\/sciences.ucf.edu\/politics\/person\/mehmet-gurses\/\" data-type=\"link\" data-id=\"https:\/\/sciences.ucf.edu\/politics\/person\/mehmet-gurses\/\" target=\"_blank\" rel=\"noreferrer noopener\"><strong>Mehmet Gurses<\/strong><\/a>, University of Central Florida<\/li>\n<\/ul>\n\n\n\n<h2 class=\"wp-block-heading\"><\/h2>\n\n\n\n<h2 class=\"wp-block-heading\"><\/h2>\n\n\n\n<p><\/p>\n\n\n\n<h2 class=\"wp-block-heading has-text-align-center\">2024 Awards<\/h2>\n\n\n\n<p class=\"has-text-align-center\">                                                                       <strong>First Prize Winner<\/strong><\/p>\n\n\n\n<p class=\"has-text-align-left\">Erdo\u011fdu, Ula\u015f. &#8220;Democratization, Foreign Military Intervention, and Rebel Fragmentation in Civil War: Evidence from the PKK Insurgency in Turkey.&#8221;&nbsp;<em>Journal of Global Security Studies<\/em>&nbsp;9, no. 4 (2024): ogae030.&nbsp;<a href=\"https:\/\/doi.org\/10.1093\/jogss\/ogae030\">https:\/\/doi.org\/10.1093\/jogss\/ogae030<\/a><\/p>\n\n\n\n<p class=\"has-text-align-center\">                                                                     <strong>Honorable Mention<\/strong><\/p>\n\n\n\n<p class=\"has-text-align-left\">Palani, Kamaran. &#8220;Client agency in a multiple patron setting: the case of Iraqi Kurdistan.&#8221;&nbsp;<em>Territory, Politics, Governance<\/em>&nbsp;13, no. 1 (2025): 28-45. <a href=\"https:\/\/www.tandfonline.com\/doi\/full\/10.1080\/21622671.2024.2390526\">https:\/\/doi.org\/10.1080\/21622671.2024.2390526<\/a><\/p>\n\n\n\n<h2 class=\"wp-block-heading has-text-align-center\">Previous Awards<\/h2>\n\n\n\n<p class=\"has-text-align-center\"><strong><span style=\"text-decoration: underline\">2023<\/span><\/strong><\/p>\n\n\n\n<p class=\"has-text-align-center\"><strong>First Prize Winner<\/strong><\/p>\n\n\n\n<p class=\"has-text-align-left\">Suni, Anoush Tamar. &#8220;Palimpsests of violence: Ruination and the afterlives of genocide in Anatolia.&#8221;&nbsp;<em>Comparative Studies in Society and History<\/em>&nbsp;65, no. 1 (2023): 192-218. DOI:&nbsp;<a href=\"https:\/\/doi.org\/10.1017\/S001041752200041X\">https:\/\/doi.org\/10.1017\/S001041752200041X<\/a><\/p>\n\n\n\n<p class=\"has-text-align-center\"><strong>Honorable Mention<\/strong><\/p>\n\n\n\n<p class=\"has-text-align-left\">Abdullah, Sarwar, and Tim Gray. &#8220;Political constraints on economic diversification in the Kurdistan Region of Iraq.&#8221;&nbsp;<em>Energy Policy<\/em>&nbsp;171 (2022): 113274. <a href=\"https:\/\/doi.org\/10.1016\/j.enpol.2022.113274\">https:\/\/doi.org\/10.1016\/j.enpol.2022.113274<\/a>.<\/p>\n\n\n\n<p class=\"has-text-align-center\"><strong><span style=\"text-decoration: underline\"><strong>2022<\/strong><\/span><\/strong><\/p>\n\n\n\n<p class=\"has-text-align-center\"><strong>Co-Winners<\/strong><\/p>\n\n\n\n<p class=\"has-text-align-left\">\u00d6zg\u00fcr Sevgi G\u00f6ral (2021). Waiting for the disappeared: waiting as a form of resilience and the limits of legal space in Turkey. Social Anthropology, 29(3), 800-815. <a href=\"https:\/\/doi.org\/10.1111\/1469-8676.13096\">https:\/\/doi.org\/10.1111\/1469-8676.13096<\/a><\/p>\n\n\n\n<p class=\"has-text-align-left\">Nicola Degli Esposti (2021). The 2017 independence referendum and the political economy of Kurdish nationalism in Iraq. Third World Quarterly, 42(10), 2317-2333. <a href=\"https:\/\/doi.org\/10.1080\/01436597.2021.1949978\">https:\/\/doi.org\/10.1080\/01436597.2021.1949978<\/a><\/p>\n\n\n\n<p class=\"has-text-align-center\"><b>Honorable Mention<\/b><\/p>\n\n\n\n<p>Hamed-Troyansky, Vladimir. &#8220;Becoming Armenian: Religious conversions in the late imperial South Caucasus.&#8221;&nbsp;<em>Comparative Studies in Society and History<\/em>&nbsp;63, no. 1 (2021): 242-272. DOI:&nbsp;<a href=\"https:\/\/doi.org\/10.1017\/S0010417520000432\" target=\"_blank\" rel=\"noreferrer noopener\">https:\/\/doi.org\/10.1017\/S0010417520000432<\/a><\/p>\n\n\n\n<p class=\"has-text-align-center\">                                                                               <span style=\"text-decoration: underline\"><strong>2021<\/strong><\/span><\/p>\n\n\n\n<p class=\"has-text-align-center\"><strong>First Prize Winner<\/strong><\/p>\n\n\n\n<p class=\"has-text-align-left\">Bozcali, Firat. &#8220;Probabilistic borderwork: Oil smuggling, nonillegality, and techno\u2010legal politics in the Kurdish borderlands of Turkey.&#8221;&nbsp;<em>American Ethnologist<\/em>&nbsp;47, no. 1 (2020): 72-85. <a href=\"https:\/\/doi.org\/10.1111\/amet.12866\">https:\/\/doi.org\/10.1111\/amet.12866<\/a><\/p>\n\n\n\n<p class=\"has-text-align-left\"><\/p>\n\n\n\n<p class=\"has-text-align-center\"><strong>Honorable Mention<\/strong><\/p>\n\n\n\n<p class=\"has-text-align-left\">Pehlivan, Zozan. &#8220;El Ni\u00f1o and the nomads: Global climate, local environment, and the crisis of pastoralism in late ottoman Kurdistan.&#8221;&nbsp;<em>Journal of the Economic and Social History of the Orient<\/em>&nbsp;63, no. 3 (2020): 316-356. <a href=\"https:\/\/brill.com\/view\/journals\/jesh\/63\/3\/article-p316_3.xml\">https:\/\/brill.com\/view\/journals\/jesh\/63\/3\/article-p316_3.xml<\/a><\/p>\n\n\n\n<p><\/p>\n\n\n\n<p class=\"has-text-align-center\"><span style=\"text-decoration: underline\"><strong>2020<\/strong><\/span><\/p>\n\n\n\n<p class=\"has-text-align-center\"><strong>Co-Winners<\/strong><\/p>\n\n\n\n<p class=\"has-text-align-left\">Mohammadpour, Ahmad, and Kamal Soleimani. &#8220;Interrogating the tribal: the aporia of \u2018tribalism\u2019in the sociological study of the Middle East.&#8221;&nbsp;<em>The British journal of sociology<\/em>&nbsp;70, no. 5 (2019): 1799-1824. <a href=\"https:\/\/doi.org\/10.1111\/1468-4446.12656\">https:\/\/doi.org\/10.1111\/1468-4446.12656<\/a><\/p>\n\n\n\n<p class=\"has-text-align-left\"><\/p>\n\n\n\n<p class=\"has-text-align-left\">Sch\u00e4fers, Marlene. &#8220;Archived Voices, Acoustic Traces, and the Reverberations of Kurdish History in Modern Turkey.&#8221;&nbsp;<em>Comparative Studies in Society and History<\/em>&nbsp;61, no. 2 (2019): 447-473. <a href=\"https:\/\/doi.org\/10.1017\/S0010417519000112\">https:\/\/doi.org\/10.1017\/S0010417519000112<\/a><\/p>\n\n\n\n<p class=\"has-text-align-center\"><b>Honorable Mention<\/b><\/p>\n\n\n\n<p class=\"has-text-align-left\">G\u00fcnay, Onur. &#8220;In war and peace: shifting narratives of violence in Kurdish Istanbul.&#8221;&nbsp;<em>American Anthropologist<\/em>&nbsp;121, no. 3 (2019): 554-567.  <a href=\"https:\/\/doi.org\/10.1111\/aman.13244\">https:\/\/doi.org\/10.1111\/aman.13244<\/a><\/p>\n\n\n\n<p class=\"has-text-align-center\"><span style=\"text-decoration: underline\"><strong>2019<\/strong><\/span><\/p>\n\n\n\n<p class=\"has-text-align-center\"><strong>First Prize Winner<\/strong><\/p>\n\n\n\n<p class=\"has-text-align-left\">Dehqan, Mustafa, and Vural Gen\u00e7. &#8220;Kurds as spies: Information-gathering on the 16th-century Ottoman\u2013Safavid frontier.&#8221;&nbsp;<em>Acta Orientalia Academiae Scientiarum Hungaricae<\/em>&nbsp;71, no. 2 (2018): 197-230.  <a href=\"https:\/\/doi.org\/10.1556\/062.2018.71.2.5\">https:\/\/doi.org\/10.1556\/062.2018.71.2.5<\/a><\/p>\n\n\n\n<p class=\"has-text-align-center\"><b>Honorable Mention<\/b><\/p>\n\n\n\n<p class=\"has-text-align-left\">T\u00fcrkmen, G\u00fclay. &#8220;Negotiating symbolic boundaries in conflict resolution: Religion and ethnicity in Turkey\u2019s Kurdish conflict.&#8221;&nbsp;<em>Qualitative Sociology<\/em>&nbsp;41, no. 4 (2018): 569-591.  <a href=\"https:\/\/doi.org\/10.1007\/s11133-018-9400-4\">https:\/\/doi.org\/10.1007\/s11133-018-9400-4<\/a><\/p>\n\n\n\n<p class=\"has-text-align-center\"><span style=\"text-decoration: underline\"><strong>2018<\/strong><\/span><\/p>\n\n\n\n<p class=\"has-text-align-center\"><strong>First Prize Winner<\/strong><\/p>\n\n\n\n<p class=\"has-text-align-left\">Alsancakli, Sacha. &#8220;Matrimonial Alliances and the Transmission of Dynastic Power in Kurdistan: The Case of the Diy\u0101d\u012bnids of Bidl\u012bs in the Fifteenth to Seventeenth Centuries.&#8221;&nbsp;<em>Eurasian studies<\/em>&nbsp;15, no. 2 (2017): 222-249. <a href=\"http:\/\/booksandjournals.brillonline.com\/content\/journals\/10.1163\/24685623-12340037\">http:\/\/booksandjournals.brillonline.com\/content\/journals\/10.1163\/24685623-12340037<\/a><\/p>\n\n\n\n<p class=\"has-text-align-center\"><b>Honorable Mention<\/b><\/p>\n\n\n\n<p class=\"has-text-align-left\">Hakyemez, Serra. &#8220;Margins of the archive: torture, heroism, and the ordinary in prison no. 5, Turkey.&#8221;&nbsp;<em>Anthropological Quarterly<\/em>&nbsp;90, no. 1 (2017): 107-138<span style=\"font-weight: 400\">.<\/span><a href=\"https:\/\/muse.jhu.edu\/article\/654103\/summary\"> https:\/\/muse.jhu.edu\/article\/654103\/summary<\/a><\/p>\n\n\n\n<p class=\"has-text-align-center\"><strong><span style=\"text-decoration: underline\">2017<\/span><\/strong><\/p>\n\n\n\n<p class=\"has-text-align-center\"><strong>First Prize Winner<\/strong><\/p>\n\n\n\n<p class=\"has-text-align-left\">Jamison, Kelda. &#8220;Hefty dictionaries in incomprehensible tongues: Commensurating code and language community in Turkey.&#8221;&nbsp;<em>Anthropological Quarterly<\/em>&nbsp;89, no. 1 (2016): 31-62.  <a href=\"https:\/\/www.jstor.org\/stable\/43955514\">https:\/\/www.jstor.org\/stable\/43955514<\/a><\/p>\n\n\n\n<p class=\"has-text-align-center\"><strong>Honorable Mentions<\/strong><\/p>\n\n\n\n<p class=\"has-text-align-left\">Paasche, Erlend. &#8220;The role of corruption in reintegration: experiences of Iraqi Kurds upon return from Europe.&#8221;&nbsp;<em>Journal of Ethnic and Migration Studies<\/em>&nbsp;42, no. 7 (2016): 1076-1093. <a href=\"http:\/\/www.tandfonline.com\/doi\/abs\/10.1080\/1369183X.2016.1139445\">http:\/\/www.tandfonline.com\/doi\/abs\/10.1080\/1369183X.2016.1139445<\/a><\/p>\n\n\n\n<p class=\"has-text-align-left\">Y\u00fcksel, Metin. &#8220;On the borders of the Turkish and Iranian nation-states: the story of Ferzende and Besra.&#8221;&nbsp;<em>Middle Eastern Studies<\/em>&nbsp;52, no. 4 (2016): 656-676. <a href=\"http:\/\/www.tandfonline.com\/doi\/full\/10.1080\/00263206.2016.1147436\">http:\/\/www.tandfonline.com\/doi\/full\/10.1080\/00263206.2016.1147436<\/a><\/p>\n\n\n\n<p class=\"has-text-align-center\"><strong>                                                                   2016<\/strong><\/p>\n\n\n\n<p class=\"has-text-align-center\"><strong>First Prize Winner<\/strong><\/p>\n\n\n\n<p>Hamelink, Wendelmoet, and Hanifi Bari\u015f. &#8220;Dengb\u00eajs on borderlands: Borders and the state as seenthrough the eyes of Kurdish singer-poets.&#8221; In&nbsp;<em>Kurdish Studies Archive<\/em>, pp. 39-71. Brill, 2024. <a href=\"http:\/\/www.tandfonline.com\/doi\/full\/10.1080\/00263206.2016.1147436\">http:\/\/www.tandfonline.com\/doi\/full\/10.1080\/00263206.2016.1147436<\/a><\/p>\n\n\n\n<p class=\"has-text-align-center\"><strong>Second Prize Winner<\/strong><\/p>\n\n\n\n<p>Yilmaz, Harun. &#8220;The rise of red Kurdistan.&#8221;&nbsp;<em>Iranian studies<\/em>&nbsp;47, no. 5 (2014): 799-822. <a href=\"http:\/\/www.tandfonline.com\/doi\/abs\/10.1080\/00210862.2014.934153?journalCode=cist20\">http:\/\/www.tandfonline.com\/doi\/abs\/10.1080\/00210862.2014.934153?journalCode=cist20<\/a><\/p>\n\n\n\n<p class=\"has-text-align-center\"><\/p>\n\n\n\n<p><\/p>\n","protected":false},"excerpt":{"rendered":"<p>Best Article Award in Kurdish Studies This award, sponsored by Kurdish Political Studies Program at the University of Central Florida, recognizes the best article in Kurdish Studies published in the previous calendar year. For this award cycle, articles published in 2024 will be considered. All articles published in English-language peer-reviewed journals addressing questions and covering [&hellip;]<\/p>\n","protected":false},"author":33,"featured_media":0,"parent":0,"menu_order":0,"comment_status":"closed","ping_status":"closed","template":"","meta":{"footnotes":""},"class_list":["post-1591","page","type-page","status-publish","hentry"],"_links":{"self":[{"href":"https:\/\/sciences.ucf.edu\/politics\/kps\/wp-json\/wp\/v2\/pages\/1591","targetHints":{"allow":["GET"]}}],"collection":[{"href":"https:\/\/sciences.ucf.edu\/politics\/kps\/wp-json\/wp\/v2\/pages"}],"about":[{"href":"https:\/\/sciences.ucf.edu\/politics\/kps\/wp-json\/wp\/v2\/types\/page"}],"author":[{"embeddable":true,"href":"https:\/\/sciences.ucf.edu\/politics\/kps\/wp-json\/wp\/v2\/users\/33"}],"replies":[{"embeddable":true,"href":"https:\/\/sciences.ucf.edu\/politics\/kps\/wp-json\/wp\/v2\/comments?post=1591"}],"version-history":[{"count":32,"href":"https:\/\/sciences.ucf.edu\/politics\/kps\/wp-json\/wp\/v2\/pages\/1591\/revisions"}],"predecessor-version":[{"id":2142,"href":"https:\/\/sciences.ucf.edu\/politics\/kps\/wp-json\/wp\/v2\/pages\/1591\/revisions\/2142"}],"wp:attachment":[{"href":"https:\/\/sciences.ucf.edu\/politics\/kps\/wp-json\/wp\/v2\/media?parent=1591"}],"curies":[{"name":"wp","href":"https:\/\/api.w.org\/{rel}","templated":true}]}}