{"id":1410,"date":"2021-12-31T16:22:39","date_gmt":"2021-12-31T21:22:39","guid":{"rendered":"https:\/\/sciences.ucf.edu\/psychology\/sunshine\/?page_id=1410"},"modified":"2022-01-10T16:56:08","modified_gmt":"2022-01-10T21:56:08","slug":"customer-aggression-resources","status":"publish","type":"page","link":"https:\/\/sciences.ucf.edu\/psychology\/sunshine\/customer-aggression-resources\/","title":{"rendered":"Customer Aggression Resources"},"content":{"rendered":"<p style=\"text-align: center\"><div id=\"erdyt-69dd4082ada53\" data-id=\"_IDDwQIlEXw\" class=\"erd-youtube-responsive\" style=\"display:block;position:relative;clear:both;width:100%;max-width:100%;margin-left:auto;margin-right:auto;\"><div style=\"padding-bottom:56.25%;\"><div class=\"erd-ytplay\" id=\"erdytp-_IDDwQIlEXw-69dd4082ada53\" data-vid=\"_IDDwQIlEXw\"   data-src=\"https:\/\/www.youtube.com\/embed\/_IDDwQIlEXw?loop=1&#038;autoplay=1&#038;rel=0\" data-allowfullscreen=\"true\"><img decoding=\"async\" src=\"https:\/\/i.ytimg.com\/vi\/_IDDwQIlEXw\/hqdefault.jpg\" alt=\"YouTube Video\" \/><\/div><\/div><\/div><\/p>\n<p style=\"text-align: center\">Customer aggression has been a threat to hospitality employee safety and well-being long before COVID-19, but cases of aggression have been on the rise lately. Hospitality employees often find themselves explaining staffing shortages, product or service delays, and COVID-19 policies, and therefore bear the brunt of verbal and\/or physical responses from some customers. The Targeted Research Training program is pleased to introduce a collection of resources on the topic of customer aggression.<\/p>\n<div style=\"width: 100%;border-spacing: 15px\" align=\"center\"><a class=\"button2\" style=\"width: 25%\" href=\"https:\/\/sciences.ucf.edu\/psychology\/sunshine\/aggression-resources-for-employees\/\">FRONT-LINE EMPLOYEES<\/a><\/div>\n<div style=\"width: 100%;border-spacing: 15px\" align=\"center\"><a class=\"button2\" style=\"width: 25%\" href=\"https:\/\/sciences.ucf.edu\/psychology\/sunshine\/aggression-resources-for-managers\/\">MANAGERS<\/a><\/div>\n<div style=\"width: 100%;border-spacing: 15px\" align=\"center\"><a class=\"button2\" style=\"width: 25%\" href=\"https:\/\/sciences.ucf.edu\/psychology\/sunshine\/aggression-resources-for-researchers\/\">RESEARCHERS<\/a><\/div>\n<p>&nbsp;<\/p>\n<div style=\"padding: 20px;background-color: #d3f8d3;border-radius: 10px;border: thick solid #389438\">\n<h3>En espa\u00f1ol:<\/h3>\n<p>\u00bfHabla usted espa\u00f1ol? El Programa de Investigaci\u00f3n Dirigida (TRT, por sus siglas en ingl\u00e9s) se dedica a proveer recursos para ayudar a los empleados en la industria de hospitalidad a navegar este momento dif\u00edcil. A continuaci\u00f3n, encontrar\u00e1 enlaces a recursos que pueden ayudarlo a lidiar con la\u00a0<span class=\"Y2IQFc\" lang=\"es\">agresi\u00f3n de los clients.<\/span>\u00a0El Programa TRT no ofrece ninguna garant\u00eda sobre la disponibilidad o idoneidad de esta informaci\u00f3n para su situaci\u00f3n y cualquier acci\u00f3n que usted realice al consultar la informaci\u00f3n en este sitio web es estrictamente bajo su propio riesgo. La informaci\u00f3n contenida en estos sitios web no refleja necesariamente las opiniones del programa TRT ni de nuestra agencia de financiaci\u00f3n, el Centro de Educaci\u00f3n e Investigaci\u00f3n Sunshine, o el Instituto Nacional de Seguridad y Salud Ocupacional. Estamos dedicados a proveer recursos para empleados de hospitalidad que no hablan ingl\u00e9s. Para cualquier recurso que no est\u00e9 traducido en su fuente original, puede usar el navegador Google Chrome para traducir el material.\u00a0<a href=\"https:\/\/drive.google.com\/file\/d\/1Uzy30sK97AY5TJ0iGmCZ5Z1Rg3ItDOdD\/view\" target=\"_blank\" rel=\"noopener noreferrer\">Haga clic aqu\u00ed<\/a>\u00a0para un video en espa\u00f1ol que muestra c\u00f3mo usar el navegador Google Chrome para traducir material del ingl\u00e9s a otro idioma.<\/p>\n<\/div>\n<p><a href=\"https:\/\/sciences.ucf.edu\/psychology\/sunshine\/resources\/photo-1521791136064-7986c2920216\/\" rel=\"attachment wp-att-696\"><img loading=\"lazy\" decoding=\"async\" class=\"aligncenter size-large wp-image-696\" src=\"https:\/\/sciences.ucf.edu\/psychology\/sunshine\/wp-content\/uploads\/sites\/37\/2020\/04\/photo-1521791136064-7986c2920216-1024x683.jpg\" alt=\"\" width=\"640\" height=\"427\" srcset=\"https:\/\/sciences.ucf.edu\/psychology\/sunshine\/wp-content\/uploads\/sites\/37\/2020\/04\/photo-1521791136064-7986c2920216-1024x683.jpg 1024w, https:\/\/sciences.ucf.edu\/psychology\/sunshine\/wp-content\/uploads\/sites\/37\/2020\/04\/photo-1521791136064-7986c2920216-300x200.jpg 300w, https:\/\/sciences.ucf.edu\/psychology\/sunshine\/wp-content\/uploads\/sites\/37\/2020\/04\/photo-1521791136064-7986c2920216-768x513.jpg 768w, https:\/\/sciences.ucf.edu\/psychology\/sunshine\/wp-content\/uploads\/sites\/37\/2020\/04\/photo-1521791136064-7986c2920216-750x500.jpg 750w, https:\/\/sciences.ucf.edu\/psychology\/sunshine\/wp-content\/uploads\/sites\/37\/2020\/04\/photo-1521791136064-7986c2920216.jpg 1500w\" sizes=\"auto, (max-width: 640px) 100vw, 640px\" \/><\/a><\/p>\n<p>&nbsp;<\/p>\n<h4 style=\"text-align: left\"><i><span style=\"font-weight: 400\">This work was supported by grant number T42OH008438, funded by the National Institute for Occupational Safety and Health (NIOSH) and the Centers for Disease Control and Prevention (CDC). Its contents are solely the responsibility of the authors and do not necessarily represent the official views of the NIOSH, CDC, the Department of Health and Human Services, or the University of Central Florida.<\/span><\/i><\/h4>\n<p>&nbsp;<\/p>\n<h4 style=\"text-align: center\"><span style=\"font-weight: 400\">For official guidelines and recommendations please consult the CDC: <\/span><a href=\"https:\/\/www.cdc.gov\/\"><span style=\"font-weight: 400\">https:\/\/www.cdc.gov\/<\/span><\/a><\/h4>\n<h4 style=\"text-align: center\"><span style=\"font-weight: 400\">Contact our team at <\/span><a href=\"mailto:targetedreserach@ucf.edu\"><span style=\"font-weight: 400\">targetedreserach@ucf.edu<\/span><\/a><span style=\"font-weight: 400\"> if you have any questions or would like further resources\/recommendations.\u00a0\u00a0<\/span><\/h4>\n<p>&nbsp;<\/p>\n<p>&nbsp;<\/p>\n<p style=\"text-align: center\">Disclaimer:<\/p>\n<h4 style=\"text-align: center\"><span style=\"font-weight: 400\">The TRT program does not make any guarantees about the availability or suitability of this information to your situation and any action you take upon consulting the information on this website is up to your discretion. The viewpoints expressed in these resources do not necessarily represent the viewpoints of the University of Central Florida or the National Institute for Occupational Safety and Health.<\/span><\/h4>\n<p>&nbsp;<\/p>\n<hr style=\"border: 0px solid black\" \/>\n<p><img loading=\"lazy\" decoding=\"async\" class=\"aligncenter wp-image-708 \" src=\"https:\/\/sciences.ucf.edu\/psychology\/sunshine\/wp-content\/uploads\/sites\/37\/2020\/04\/ERC-logo.jpg\" alt=\"\" width=\"575\" height=\"163\" srcset=\"https:\/\/sciences.ucf.edu\/psychology\/sunshine\/wp-content\/uploads\/sites\/37\/2020\/04\/ERC-logo.jpg 1232w, https:\/\/sciences.ucf.edu\/psychology\/sunshine\/wp-content\/uploads\/sites\/37\/2020\/04\/ERC-logo-300x85.jpg 300w, https:\/\/sciences.ucf.edu\/psychology\/sunshine\/wp-content\/uploads\/sites\/37\/2020\/04\/ERC-logo-1024x290.jpg 1024w, https:\/\/sciences.ucf.edu\/psychology\/sunshine\/wp-content\/uploads\/sites\/37\/2020\/04\/ERC-logo-768x218.jpg 768w\" sizes=\"auto, (max-width: 575px) 100vw, 575px\" \/><\/p>\n<p>For more questions about the Sunshine Education and Research Center and the Targeted Research Training Program, please contact <a href=\"https:\/\/sciences.ucf.edu\/psychology\/sunshine\/the-trt-team\/\">Dr. Mindy Shoss<\/a> at <a href=\"mailto:targetedresearch@ucf.edu\">targetedresearch@ucf.edu<\/a>.<\/p>\n","protected":false},"excerpt":{"rendered":"<p>Customer aggression has been a threat to hospitality employee safety and well-being long before COVID-19, but cases of aggression have been on the rise lately. Hospitality employees often find themselves explaining staffing shortages, product or service delays, and COVID-19 policies, and therefore bear the brunt of verbal and\/or physical responses from some customers. The Targeted <a href=\"https:\/\/sciences.ucf.edu\/psychology\/sunshine\/customer-aggression-resources\/\" rel=\"nofollow\"><span class=\"sr-only\">Read more about Customer Aggression Resources<\/span>[&hellip;]<\/a><\/p>\n","protected":false},"author":67,"featured_media":0,"parent":0,"menu_order":0,"comment_status":"closed","ping_status":"closed","template":"","meta":{"footnotes":"","_links_to":"","_links_to_target":""},"class_list":["post-1410","page","type-page","status-publish","hentry"],"yoast_head":"<!-- This site is optimized with the Yoast SEO plugin v27.3 - https:\/\/yoast.com\/product\/yoast-seo-wordpress\/ -->\n<title>Customer Aggression Resources - Sunshine ERC Targeted Research Training Program<\/title>\n<meta name=\"robots\" content=\"index, follow, max-snippet:-1, max-image-preview:large, max-video-preview:-1\" \/>\n<link rel=\"canonical\" href=\"https:\/\/sciences.ucf.edu\/psychology\/sunshine\/customer-aggression-resources\/\" \/>\n<meta property=\"og:locale\" content=\"en_US\" \/>\n<meta property=\"og:type\" content=\"article\" \/>\n<meta property=\"og:title\" content=\"Customer Aggression Resources - Sunshine ERC Targeted Research Training Program\" \/>\n<meta property=\"og:description\" content=\"Customer aggression has been a threat to hospitality employee safety and well-being long before COVID-19, but cases of aggression have been on the rise lately. Hospitality employees often find themselves explaining staffing shortages, product or service delays, and COVID-19 policies, and therefore bear the brunt of verbal and\/or physical responses from some customers. The Targeted Read more about Customer Aggression Resources[&hellip;]\" \/>\n<meta property=\"og:url\" content=\"https:\/\/sciences.ucf.edu\/psychology\/sunshine\/customer-aggression-resources\/\" \/>\n<meta property=\"og:site_name\" content=\"Sunshine ERC Targeted Research Training Program\" \/>\n<meta property=\"article:modified_time\" content=\"2022-01-10T21:56:08+00:00\" \/>\n<meta property=\"og:image\" content=\"https:\/\/sciences.ucf.edu\/psychology\/sunshine\/wp-content\/uploads\/sites\/37\/2020\/04\/photo-1521791136064-7986c2920216-1024x683.jpg\" \/>\n<meta name=\"twitter:card\" content=\"summary_large_image\" \/>\n<meta name=\"twitter:label1\" content=\"Est. reading time\" \/>\n\t<meta name=\"twitter:data1\" content=\"3 minutes\" \/>\n<script type=\"application\/ld+json\" class=\"yoast-schema-graph\">{\"@context\":\"https:\\\/\\\/schema.org\",\"@graph\":[{\"@type\":\"WebPage\",\"@id\":\"https:\\\/\\\/sciences.ucf.edu\\\/psychology\\\/sunshine\\\/customer-aggression-resources\\\/\",\"url\":\"https:\\\/\\\/sciences.ucf.edu\\\/psychology\\\/sunshine\\\/customer-aggression-resources\\\/\",\"name\":\"Customer Aggression Resources - Sunshine ERC Targeted Research Training Program\",\"isPartOf\":{\"@id\":\"https:\\\/\\\/sciences.ucf.edu\\\/psychology\\\/sunshine\\\/#website\"},\"primaryImageOfPage\":{\"@id\":\"https:\\\/\\\/sciences.ucf.edu\\\/psychology\\\/sunshine\\\/customer-aggression-resources\\\/#primaryimage\"},\"image\":{\"@id\":\"https:\\\/\\\/sciences.ucf.edu\\\/psychology\\\/sunshine\\\/customer-aggression-resources\\\/#primaryimage\"},\"thumbnailUrl\":\"https:\\\/\\\/sciences.ucf.edu\\\/psychology\\\/sunshine\\\/wp-content\\\/uploads\\\/sites\\\/37\\\/2020\\\/04\\\/photo-1521791136064-7986c2920216-1024x683.jpg\",\"datePublished\":\"2021-12-31T21:22:39+00:00\",\"dateModified\":\"2022-01-10T21:56:08+00:00\",\"inLanguage\":\"en-US\",\"potentialAction\":[{\"@type\":\"ReadAction\",\"target\":[\"https:\\\/\\\/sciences.ucf.edu\\\/psychology\\\/sunshine\\\/customer-aggression-resources\\\/\"]}]},{\"@type\":\"ImageObject\",\"inLanguage\":\"en-US\",\"@id\":\"https:\\\/\\\/sciences.ucf.edu\\\/psychology\\\/sunshine\\\/customer-aggression-resources\\\/#primaryimage\",\"url\":\"https:\\\/\\\/sciences.ucf.edu\\\/psychology\\\/sunshine\\\/wp-content\\\/uploads\\\/sites\\\/37\\\/2020\\\/04\\\/photo-1521791136064-7986c2920216.jpg\",\"contentUrl\":\"https:\\\/\\\/sciences.ucf.edu\\\/psychology\\\/sunshine\\\/wp-content\\\/uploads\\\/sites\\\/37\\\/2020\\\/04\\\/photo-1521791136064-7986c2920216.jpg\",\"width\":1500,\"height\":1001,\"caption\":\"Two people shaking hands in an office setting.\"},{\"@type\":\"WebSite\",\"@id\":\"https:\\\/\\\/sciences.ucf.edu\\\/psychology\\\/sunshine\\\/#website\",\"url\":\"https:\\\/\\\/sciences.ucf.edu\\\/psychology\\\/sunshine\\\/\",\"name\":\"Sunshine ERC Targeted Research Training Program\",\"description\":\"UCF Department of Psychology\",\"potentialAction\":[{\"@type\":\"SearchAction\",\"target\":{\"@type\":\"EntryPoint\",\"urlTemplate\":\"https:\\\/\\\/sciences.ucf.edu\\\/psychology\\\/sunshine\\\/?s={search_term_string}\"},\"query-input\":{\"@type\":\"PropertyValueSpecification\",\"valueRequired\":true,\"valueName\":\"search_term_string\"}}],\"inLanguage\":\"en-US\"}]}<\/script>\n<!-- \/ Yoast SEO plugin. -->","yoast_head_json":{"title":"Customer Aggression Resources - Sunshine ERC Targeted Research Training Program","robots":{"index":"index","follow":"follow","max-snippet":"max-snippet:-1","max-image-preview":"max-image-preview:large","max-video-preview":"max-video-preview:-1"},"canonical":"https:\/\/sciences.ucf.edu\/psychology\/sunshine\/customer-aggression-resources\/","og_locale":"en_US","og_type":"article","og_title":"Customer Aggression Resources - Sunshine ERC Targeted Research Training Program","og_description":"Customer aggression has been a threat to hospitality employee safety and well-being long before COVID-19, but cases of aggression have been on the rise lately. Hospitality employees often find themselves explaining staffing shortages, product or service delays, and COVID-19 policies, and therefore bear the brunt of verbal and\/or physical responses from some customers. The Targeted Read more about Customer Aggression Resources[&hellip;]","og_url":"https:\/\/sciences.ucf.edu\/psychology\/sunshine\/customer-aggression-resources\/","og_site_name":"Sunshine ERC Targeted Research Training Program","article_modified_time":"2022-01-10T21:56:08+00:00","og_image":[{"url":"https:\/\/sciences.ucf.edu\/psychology\/sunshine\/wp-content\/uploads\/sites\/37\/2020\/04\/photo-1521791136064-7986c2920216-1024x683.jpg","type":"","width":"","height":""}],"twitter_card":"summary_large_image","twitter_misc":{"Est. reading time":"3 minutes"},"schema":{"@context":"https:\/\/schema.org","@graph":[{"@type":"WebPage","@id":"https:\/\/sciences.ucf.edu\/psychology\/sunshine\/customer-aggression-resources\/","url":"https:\/\/sciences.ucf.edu\/psychology\/sunshine\/customer-aggression-resources\/","name":"Customer Aggression Resources - Sunshine ERC Targeted Research Training Program","isPartOf":{"@id":"https:\/\/sciences.ucf.edu\/psychology\/sunshine\/#website"},"primaryImageOfPage":{"@id":"https:\/\/sciences.ucf.edu\/psychology\/sunshine\/customer-aggression-resources\/#primaryimage"},"image":{"@id":"https:\/\/sciences.ucf.edu\/psychology\/sunshine\/customer-aggression-resources\/#primaryimage"},"thumbnailUrl":"https:\/\/sciences.ucf.edu\/psychology\/sunshine\/wp-content\/uploads\/sites\/37\/2020\/04\/photo-1521791136064-7986c2920216-1024x683.jpg","datePublished":"2021-12-31T21:22:39+00:00","dateModified":"2022-01-10T21:56:08+00:00","inLanguage":"en-US","potentialAction":[{"@type":"ReadAction","target":["https:\/\/sciences.ucf.edu\/psychology\/sunshine\/customer-aggression-resources\/"]}]},{"@type":"ImageObject","inLanguage":"en-US","@id":"https:\/\/sciences.ucf.edu\/psychology\/sunshine\/customer-aggression-resources\/#primaryimage","url":"https:\/\/sciences.ucf.edu\/psychology\/sunshine\/wp-content\/uploads\/sites\/37\/2020\/04\/photo-1521791136064-7986c2920216.jpg","contentUrl":"https:\/\/sciences.ucf.edu\/psychology\/sunshine\/wp-content\/uploads\/sites\/37\/2020\/04\/photo-1521791136064-7986c2920216.jpg","width":1500,"height":1001,"caption":"Two people shaking hands in an office setting."},{"@type":"WebSite","@id":"https:\/\/sciences.ucf.edu\/psychology\/sunshine\/#website","url":"https:\/\/sciences.ucf.edu\/psychology\/sunshine\/","name":"Sunshine ERC Targeted Research Training Program","description":"UCF Department of Psychology","potentialAction":[{"@type":"SearchAction","target":{"@type":"EntryPoint","urlTemplate":"https:\/\/sciences.ucf.edu\/psychology\/sunshine\/?s={search_term_string}"},"query-input":{"@type":"PropertyValueSpecification","valueRequired":true,"valueName":"search_term_string"}}],"inLanguage":"en-US"}]}},"_links":{"self":[{"href":"https:\/\/sciences.ucf.edu\/psychology\/sunshine\/wp-json\/wp\/v2\/pages\/1410","targetHints":{"allow":["GET"]}}],"collection":[{"href":"https:\/\/sciences.ucf.edu\/psychology\/sunshine\/wp-json\/wp\/v2\/pages"}],"about":[{"href":"https:\/\/sciences.ucf.edu\/psychology\/sunshine\/wp-json\/wp\/v2\/types\/page"}],"author":[{"embeddable":true,"href":"https:\/\/sciences.ucf.edu\/psychology\/sunshine\/wp-json\/wp\/v2\/users\/67"}],"replies":[{"embeddable":true,"href":"https:\/\/sciences.ucf.edu\/psychology\/sunshine\/wp-json\/wp\/v2\/comments?post=1410"}],"version-history":[{"count":7,"href":"https:\/\/sciences.ucf.edu\/psychology\/sunshine\/wp-json\/wp\/v2\/pages\/1410\/revisions"}],"predecessor-version":[{"id":1424,"href":"https:\/\/sciences.ucf.edu\/psychology\/sunshine\/wp-json\/wp\/v2\/pages\/1410\/revisions\/1424"}],"wp:attachment":[{"href":"https:\/\/sciences.ucf.edu\/psychology\/sunshine\/wp-json\/wp\/v2\/media?parent=1410"}],"curies":[{"name":"wp","href":"https:\/\/api.w.org\/{rel}","templated":true}]}}